4*z + n, -12 + 109 = 5*z + v. List the prime factors of z.
19
Let c = -15 + 33. Suppose y - c + 3 = 0. What are the prime factors of y?
3, 5
Let k = 137 - 80. List the prime factors of k.
3, 19
Let a be (21/14)/((-3)/(-8)). List the prime factors of 9/a*1*8.
2, 3
Suppose 3*f + f + 3*j - 180 = 0, 0 = -3*f + 4*j + 110. Suppose 0 = -4*u + 5*i + 136, 5*i - f = -u + 17. What are the prime factors of u?
3, 13
Suppose 17 = -4*y - 11. Let q(b) = 4*b**2 - 15*b - 10. Let n(f) = -5*f**2 + 16*f + 10. Let i(z) = 5*n(z) + 6*q(z). List the prime factors of i(y).
11
Let m(w) be the third derivative of w**5/60 + 5*w**4/24 + w**3/3 + 12*w**2. Suppose 6*h = a + h - 9, 18 = -2*a - 2*h. List the prime factors of m(a).
2
Let h(b) = b**2 + 2*b. Suppose 1 = 3*y - 4*m + 3, -4*m + 14 = -5*y. List the prime factors of h(y).
2, 3
List the prime factors of 1 - 65/5*-6.
79
Suppose 0 = -5*g - r - 179, -4*g + 2*g + 4*r = 54. Let w = -23 - g. List the prime factors of w.
2, 3
Suppose 38 = 4*v - 6. Let j = 36 - v. What are the prime factors of j?
5
Let j(f) = 2*f**2 + f. Suppose -9 = -5*p - n, -4*p = -n - n - 10. What are the prime factors of j(p)?
2, 5
Let c = -45 - -64. Suppose c - 5 = 4*p + 3*v, -8 = -p - 3*v. Suppose -z - 4*j = p*z - 63, 4*z = -5*j + 83. List the prime factors of z.
17
Let q = -18 - 10. Let w = q + 46. List the prime factors of w.
2, 3
Let i(n) = -n + 2. Let s be i(-3). Suppose k - 19 = s. List the prime factors of k.
2, 3
Let t(q) = -q**3 + q**2 + 4*q - 2. Let h be t(3). What are the prime factors of ((-18)/h)/(6/48)?
2, 3
Let w = -6 + 8. Suppose -w*a + 3*a = 4. Suppose a*i + i - 15 = 0. What are the prime factors of i?
3
Suppose 2*i + 315 = -3*i. What are the prime factors of i/6*(-8)/12?
7
Let b be (-50)/8 + (-2)/(-8). Let f = b + 10. List the prime factors of f.
2
Let k(o) = o**3 + 4*o**2 - o - 5. Let c be k(-4). Let p be (4/(-3))/(c/(-3)). List the prime factors of 1/(4/(-3))*p.
3
Suppose -2*j = -3*j + 4. What are the prime factors of j?
2
Suppose -3*b - s = s + 1, -2*b - 7 = -5*s. Let c(m) = 2*m**3 - 2*m - 1. Let q be c(b). List the prime factors of (-1)/((-6)/(-7) + q).
7
Let w(h) be the third derivative of h**5/60 - h**4/6 - 7*h**3/6 - 4*h**2. Let q be w(5). List the prime factors of (4/6)/(q/(-15)).
5
Let z(w) = -6*w + 14. List the prime factors of z(-11).
2, 5
Let m = 17 + 4. Suppose m = -4*j + 9. What are the prime factors of 2 + (6/j)/(-2)?
3
Let o(a) = a**2 + 3. Let t(r) = r**3 - 4*r**2 + r + 1. Let q be t(4). What are the prime factors of o(q)?
2, 7
Suppose 5*o = 5*l + 5, -2*l = -3*o + 5 + 1. Let r be ((-8)/l)/(12/(-18)). Suppose r*x - 42 - 2 = 0. List the prime factors of x.
11
What are the prime factors of 90 + (-3)/(3/4)?
2, 43
Suppose -4*o - 6*m + 132 = -2*m, -2*m + 30 = o. What are the prime factors of o?
2, 3
List the prime factors of (3/(-6) - (-3)/2) + 5.
2, 3
Suppose -2*v + 2 = -4. Suppose -v*l = -13 - 59. What are the prime factors of l?
2, 3
Let w(z) = -z**2 + 6*z - 1. Let r(c) = -3*c**3 - c**2 + 1. Let i = 4 - 5. Let b be r(i). List the prime factors of w(b).
2
Let j(i) = -119*i**3 - 2*i - 2. What are the prime factors of j(-1)?
7, 17
Let g = -22 - -31. Suppose 3*b - 63 = -g. List the prime factors of 40/16*b/5.
3
List the prime factors of ((-889)/28)/(2/(-8)).
127
Let k(u) = u - 1. Let j be k(-5). Let x be -10*4/j*-3. What are the prime factors of (-2)/5 - 268/x?
13
Let d be 6/(-15) - 74/(-10). Let b(k) = 1 + 2 - 7 - d*k - k**2. List the prime factors of b(-6).
2
Let a(b) = -b**2 + 4*b + 5. Let l be a(5). Suppose l = 2*n - 5*n. Let y = n - -11. What are the prime factors of y?
11
Let k be 2 - -1*(-2 - -4). Suppose -4 + 0 = -k*i. List the prime factors of -1*(-2 + (-5)/i).
7
Suppose -2*m = -2*s - 12, 5*m - 26 = 5*s - s. Suppose a = 2 + m. Suppose -z + 53 = 4*p, a*p - p - 4*z - 16 = 0. List the prime factors of p.
2, 3
Let j(p) be the first derivative of p**3/3 - p**2/2 + 7*p - 2. What are the prime factors of j(0)?
7
Let q = 41 + -26. List the prime factors of q/(-20) - 139/(-4).
2, 17
Let a = 4 - 4. Let w = 3 - a. Suppose -2*q - r + 17 + 8 = 0, 32 = w*q - 4*r. What are the prime factors of q?
2, 3
Let w be 6/2 + (-1 - -1). Let o = -3 + w. Suppose -3*s + 5*q = -o*q - 8, -5*s = 2*q - 34. List the prime factors of s.
2, 3
Suppose 5*n + 4*z - 68 = 0, 0*z - 4*z + 8 = 0. List the prime factors of 1/(3*2/n).
2
Suppose o = -3*o + n + 540, 3*o - 2*n = 405. What are the prime factors of o?
3, 5
What are the prime factors of 115 + -2 + 2 + -4?
3, 37
Let n = 1 - -38. List the prime factors of n.
3, 13
Suppose 0 = 2*z - 139 - 477. What are the prime factors of z?
2, 7, 11
Let v(b) = -11*b**2 - 19*b + 28. Let a(r) = -4*r**2 - 6*r + 9. Let k(j) = -8*a(j) + 3*v(j). List the prime factors of k(-10).
2
Let z be (-28)/((-9)/(-2) - 4). Let m = -15 - z. What are the prime factors of m?
41
Suppose 0 = -4*o + o + 9. List the prime factors of o.
3
Suppose -l - 4*c = -16, -2*l = 5*c - 2*c - 32. What are the prime factors of l?
2
Let i(c) = -11*c - 15*c + 4 + 5*c + 3*c**2 + c. List the prime factors of i(8).
2, 3
Let p(o) = 3*o**2 - 5*o - 3. What are the prime factors of p(-3)?
3, 13
Let w(v) = -v**3 - 10*v**2 - 11*v - 4. List the prime factors of w(-9).
2, 7
Suppose -4*a - 5*w - 2 = -0, 0 = -3*a + 2*w + 10. Let m(s) = 1 - s + 5 - 2 + s**3 + 7*s**a. List the prime factors of m(-7).
11
Suppose 37 = 16*m - 15*m. List the prime factors of m.
37
Suppose -156 = -8*a + 4*a. What are the prime factors of a?
3, 13
What are the prime factors of (-7)/((-28)/(-1488))*-1 - 1?
7, 53
Let l(s) = -s**3 + 10*s**2 + s + 17. What are the prime factors of l(9)?
107
Suppose 0*g + 5 = g. Suppose a + 96 = g*a. What are the prime factors of a?
2, 3
Let f(h) = -h + 1. Let r be f(2). Let j be (-5)/2*(19 + r). List the prime factors of (-4)/((-3)/(j/(-6))).
2, 5
Let s(r) = -r + 24. Let q be s(13). Let n = -9 - -16. Suppose -q = -3*d + n. What are the prime factors of d?
2, 3
Let c(w) = -w**2 - 9*w + 10. Let i be c(-7). What are the prime factors of i/(-18) + 64/3?
2, 5
Let j be 1 - 3 - (-4 - 0). Suppose -3*x = 2*s + 5, -x = -j*s + 2*x + 13. What are the prime factors of s?
2
Let y = 19 + -13. List the prime factors of y.
2, 3
Suppose 4*s + 202 = 2*z, 0*s + 296 = 3*z + s. Suppose -2*i = i - z. What are the prime factors of i?
3, 11
Let k be (9/3)/1 - 1. Suppose -4 = -k*u - 18. What are the prime factors of -5*u/(35/12)?
2, 3
Let u = -1 + 2. Suppose -u = 4*x - 9. What are the prime factors of x?
2
Let q be 6/(-20)*-2*5. Let v = 0 + q. Suppose 26 = v*i - 1. What are the prime factors of i?
3
Suppose 110 = 5*i - 4*d, -i + 5*d - 29 = -4*i. What are the prime factors of i?
2, 3
Let q be 0/(-2 + 2 - 1). Suppose 2*k - 9 - 3 = q. Suppose k = 4*w - 3*w. List the prime factors of w.
2, 3
Let r = 132 - 59. What are the prime factors of r?
73
Let x(l) = l**3 - 11*l**2 + 11*l. Let m be x(10). Let j(w) = -2*w**2 + 3*w**2 - 5*w - 8 - 4*w. What are the prime factors of j(m)?
2
Let n(f) = f**3 + 5*f**2 + 4. Let m be n(-5). Suppose 5*q - 22 = -v, m*v = -0*v - 3*q + 20. List the prime factors of 9*4/6 + v.
2
Let a = 4 - 11. Let i(t) be the first derivative of t**4/4 + 2*t**3 - 9*t**2/2 - 4*t - 1. What are the prime factors of i(a)?
2, 5
Suppose -3*h = -1 - 8. Suppose -2*u + 3 = -h. What are the prime factors of u?
3
Suppose -4*w + 10 = 34. Let f(o) = -3*o - 7. What are the prime factors of f(w)?
11
Suppose -2*g - 2*g = 12, -27 = -3*p + 3*g. Let d(k) = k**3 + 3*k**2 + k + 1. Let n be d(-2). Suppose p = -n*w + 6*w. What are the prime factors of w?
2
Let l(o) = -o**3 + 5*o**2 - 2*o + 2. Let b = 8 + -4. Let v be l(b). Suppose 0*h + v = h + f, 3*f = h - 10. List the prime factors of h.
2, 5
Suppose -s + 8 = i - 2*i, -4*i = 8. Let u be 20/(-6) - 4/s. Let k = 9 + u. List the prime factors of k.
5
Let x(m) be the first derivative of m**3/3 + m**2/2 - m + 1. Let s be x(0). What are the prime factors of s/(18/21 + -1)?
7
Let p(q) = -q**2 - 13*q - 7. List the prime factors of p(-7).
5, 7
Let s(p) = 2*p**2 + 6*p + 41. List the prime factors of s(-10).
181
Let d be (-2)/(-8) - 21/(-12). Suppose q = d*f - 4*f - 7, 2*q = f + 1. List the prime factors of 3*3/9 - q.
2
Suppose -6*y + 2*y + 380 = 0. What are the prime factors of y?
5, 19
Let m(b) be the third derivative of -b**4/24 + b**3/6 - 2*b**2. What are the p